

{"id":10314,"date":"2025-06-09T09:24:22","date_gmt":"2025-06-09T08:24:22","guid":{"rendered":"https:\/\/montael.com\/?post_type=product&#038;p=10314"},"modified":"2025-06-09T09:33:24","modified_gmt":"2025-06-09T08:33:24","slug":"espelho-aurora-120x60-ub1025-com-touch-e-desembaciador","status":"publish","type":"product","link":"https:\/\/montael.com\/?product=espelho-aurora-120x60-ub1025-com-touch-e-desembaciador","title":{"rendered":"Espelho Aurora 120&#215;60 UB1025 com touch e desembaciador"},"content":{"rendered":"<p><b>Caracter\u00edsticas:<\/b><\/p>\n<ul>\n<li>1200x600Espelho com Ilumina\u00e7\u00e3o de fundo<\/li>\n<li>Sensor duplo On\/Off e anti-embaciamento<\/li>\n<li>LED com mudan\u00e7a de temperatura de cor 2700k-6500k<\/li>\n<li>Placa anti-embaciamento220-240 V 50 Hz<\/li>\n<li>Certificado CE, IP44<\/li>\n<\/ul>\n","protected":false},"excerpt":{"rendered":"<p>Caracter\u00edsticas: 1200x600Espelho com Ilumina\u00e7\u00e3o de fundo Sensor duplo On\/Off e anti-embaciamento LED com mudan\u00e7a de temperatura de cor 2700k-6500k Placa anti-embaciamento220-240 V 50 Hz Certificado CE, IP44<\/p>\n","protected":false},"featured_media":10315,"template":"","meta":[],"product_cat":[221,217],"product_tag":[],"class_list":{"0":"post-10314","1":"product","2":"type-product","3":"status-publish","4":"has-post-thumbnail","6":"product_cat-espelhos","7":"product_cat-moveis-casa-banho","9":"first","10":"instock","11":"featured","12":"taxable","13":"shipping-taxable","14":"product-type-simple"},"_links":{"self":[{"href":"https:\/\/montael.com\/index.php?rest_route=\/wp\/v2\/product\/10314","targetHints":{"allow":["GET"]}}],"collection":[{"href":"https:\/\/montael.com\/index.php?rest_route=\/wp\/v2\/product"}],"about":[{"href":"https:\/\/montael.com\/index.php?rest_route=\/wp\/v2\/types\/product"}],"wp:featuredmedia":[{"embeddable":true,"href":"https:\/\/montael.com\/index.php?rest_route=\/wp\/v2\/media\/10315"}],"wp:attachment":[{"href":"https:\/\/montael.com\/index.php?rest_route=%2Fwp%2Fv2%2Fmedia&parent=10314"}],"wp:term":[{"taxonomy":"product_cat","embeddable":true,"href":"https:\/\/montael.com\/index.php?rest_route=%2Fwp%2Fv2%2Fproduct_cat&post=10314"},{"taxonomy":"product_tag","embeddable":true,"href":"https:\/\/montael.com\/index.php?rest_route=%2Fwp%2Fv2%2Fproduct_tag&post=10314"}],"curies":[{"name":"wp","href":"https:\/\/api.w.org\/{rel}","templated":true}]}}