

{"id":10312,"date":"2025-06-09T09:17:49","date_gmt":"2025-06-09T08:17:49","guid":{"rendered":"https:\/\/montael.com\/?post_type=product&#038;p=10312"},"modified":"2025-06-09T09:24:03","modified_gmt":"2025-06-09T08:24:03","slug":"espelho-luminous-100x70-ub1037-com-touch-e-desembaciador","status":"publish","type":"product","link":"https:\/\/montael.com\/?product=espelho-luminous-100x70-ub1037-com-touch-e-desembaciador","title":{"rendered":"Espelho Luminous 100&#215;70 UB1037 com touch e desembaciador"},"content":{"rendered":"<p><b>Caracter\u00edsticas:<\/b><\/p>\n<ul>\n<li>Espelho com Ilumina\u00e7\u00e3o de fundo e frontal<\/li>\n<li>Sensor duplo On\/Off e anti-embaciamento<\/li>\n<li>LED com mudan\u00e7a de temperatura de cor 2700k-6500k<\/li>\n<li>Placa anti-embaciamento<\/li>\n<li>Fixa\u00e7\u00e3o revers\u00edvel 220-240 V 50 Hz<\/li>\n<li>Certificado CE, IP44<\/li>\n<\/ul>\n","protected":false},"excerpt":{"rendered":"<p>Caracter\u00edsticas: Espelho com Ilumina\u00e7\u00e3o de fundo e frontal Sensor duplo On\/Off e anti-embaciamento LED com mudan\u00e7a de temperatura de cor 2700k-6500k Placa anti-embaciamento Fixa\u00e7\u00e3o revers\u00edvel 220-240 V 50 Hz Certificado CE, IP44<\/p>\n","protected":false},"featured_media":10313,"template":"","meta":[],"product_cat":[221,217],"product_tag":[],"class_list":{"0":"post-10312","1":"product","2":"type-product","3":"status-publish","4":"has-post-thumbnail","6":"product_cat-espelhos","7":"product_cat-moveis-casa-banho","9":"first","10":"instock","11":"featured","12":"taxable","13":"shipping-taxable","14":"product-type-simple"},"_links":{"self":[{"href":"https:\/\/montael.com\/index.php?rest_route=\/wp\/v2\/product\/10312","targetHints":{"allow":["GET"]}}],"collection":[{"href":"https:\/\/montael.com\/index.php?rest_route=\/wp\/v2\/product"}],"about":[{"href":"https:\/\/montael.com\/index.php?rest_route=\/wp\/v2\/types\/product"}],"wp:featuredmedia":[{"embeddable":true,"href":"https:\/\/montael.com\/index.php?rest_route=\/wp\/v2\/media\/10313"}],"wp:attachment":[{"href":"https:\/\/montael.com\/index.php?rest_route=%2Fwp%2Fv2%2Fmedia&parent=10312"}],"wp:term":[{"taxonomy":"product_cat","embeddable":true,"href":"https:\/\/montael.com\/index.php?rest_route=%2Fwp%2Fv2%2Fproduct_cat&post=10312"},{"taxonomy":"product_tag","embeddable":true,"href":"https:\/\/montael.com\/index.php?rest_route=%2Fwp%2Fv2%2Fproduct_tag&post=10312"}],"curies":[{"name":"wp","href":"https:\/\/api.w.org\/{rel}","templated":true}]}}