

{"id":5093,"date":"2022-11-04T15:36:36","date_gmt":"2022-11-04T08:36:36","guid":{"rendered":"https:\/\/montael.com\/new_site\/?page_id=5093"},"modified":"2024-02-07T16:27:57","modified_gmt":"2024-02-07T16:27:57","slug":"empresa","status":"publish","type":"page","link":"https:\/\/montael.com\/?page_id=5093","title":{"rendered":"Empresa"},"content":{"rendered":"\t\t<div data-elementor-type=\"wp-page\" data-elementor-id=\"5093\" class=\"elementor elementor-5093\" data-elementor-post-type=\"page\">\n\t\t\t\t<div class=\"elementor-element elementor-element-c29416a e-flex e-con-boxed e-con e-parent\" data-id=\"c29416a\" data-element_type=\"container\">\n\t\t\t\t\t<div class=\"e-con-inner\">\n\t\t\t\t<div class=\"elementor-element elementor-element-d6da3d5 elementor-widget elementor-widget-text-editor\" data-id=\"d6da3d5\" data-element_type=\"widget\" data-widget_type=\"text-editor.default\">\n\t\t\t\t<div class=\"elementor-widget-container\">\n\t\t\t\t\t\t\t\t\t<h4>A Montael foi fundada em 1974<\/h4><p>A nossa marca \u00e9 o legado mais importante. <br \/>\u00c9 uma das raz\u00f5es pelas quais as pessoas confiam em n\u00f3s para cumprir. Cada vez que comunicamos refor\u00e7amos a nossa identidade de marca e lembramos as pessoas sobre quem somos, e o trabalho que fazemos. Por esta raz\u00e3o, \u00e9 essencial que todas as comunica\u00e7\u00f5es produzidas reflitam verdadeiramente a nossa marca de forma consistente e convincente.<\/p><p>Foi adquirida, por um novo grupo econ\u00f3mico, a 1 de Abril de 2022 e juntos continuaremos a crescer e a fortalecer a marca, apresentamos uma nova imagem, bem como renovados valores, vis\u00e3o e miss\u00e3o para enfrentarmos novos tempos.<\/p>\t\t\t\t\t\t\t\t<\/div>\n\t\t\t\t<\/div>\n\t\t\t\t\t<\/div>\n\t\t\t\t<\/div>\n\t\t<div class=\"elementor-element elementor-element-c4e81fc e-flex e-con-boxed e-con e-parent\" data-id=\"c4e81fc\" data-element_type=\"container\" data-settings=\"{&quot;background_background&quot;:&quot;classic&quot;}\">\n\t\t\t\t\t<div class=\"e-con-inner\">\n\t\t\t\t\t<\/div>\n\t\t\t\t<\/div>\n\t\t<div class=\"elementor-element elementor-element-18c77da e-flex e-con-boxed e-con e-parent\" data-id=\"18c77da\" data-element_type=\"container\">\n\t\t\t\t\t<div class=\"e-con-inner\">\n\t\t\t\t<div class=\"elementor-element elementor-element-ce1681b elementor-widget elementor-widget-text-editor\" data-id=\"ce1681b\" data-element_type=\"widget\" data-widget_type=\"text-editor.default\">\n\t\t\t\t<div class=\"elementor-widget-container\">\n\t\t\t\t\t\t\t\t\t<h4>Os Nossos Valores<\/h4><p>Tudo come\u00e7a com o facto de sermos conhecedores do que fazemos.<br \/>Pensamos de forma \u00e1gil, o que nos permite responder rapidamente \u00e0s necessidades dos nossos clientes.<br \/>Somos uma empresa vigorosa, o que significa que somos resilientes, ansiosos para crescer e fazer uma mudan\u00e7a nos setores em que operamos.<br \/>At\u00e9 \u00e0 data, temos sido um parceiro de confian\u00e7a para os nossos clientes, fornecedores, funcion\u00e1rios e comunidade.<br \/>Tratamos todos de forma justa \u2013 uma indica\u00e7\u00e3o do nosso interesse em rela\u00e7\u00f5es de longo prazo.<\/p><h4>Vis\u00e3o<\/h4><p>Queremos ser reconhecidos na nossa linha de trabalho pela excel\u00eancia dos nossos servi\u00e7os ao cliente, para al\u00e9m da r\u00e1pida resposta \u00e0s suas necessidades. Lealdade e dedica\u00e7\u00e3o s\u00e3o os nossos pontos fortes em rela\u00e7\u00e3o ao servi\u00e7o antes e depois da venda.<\/p><h4>Miss\u00e3o<\/h4><p>Acreditamos que a nossa empresa tem todos os meios para alcan\u00e7ar uma posi\u00e7\u00e3o not\u00f3ria na nossa \u00e1rea de trabalho, transformando-se numa refer\u00eancia para a constru\u00e7\u00e3o privada e projetos p\u00fablicos. Queremos melhorar a nossa taxa de exporta\u00e7\u00e3o, entrando em diferentes mercados e criando rela\u00e7\u00f5es comerciais mais fortes.<\/p><h4>Identidade da Nova Marca<\/h4><p>O novo logotipo adiciona frescura e ambi\u00e7\u00e3o da nossa empresa.<br \/>O hex\u00e1gono representa uma estrutura forte e consistente.<br \/>Os fragmentos tetra\u00e9dricos, revelam uma vis\u00e3o din\u00e2mica, progressista, e duradoura.<br \/>O &#8220;U&#8221; estilizado gera uma onda positiva e enaltece a natureza \u00fanica do nosso caracter empresarial.<\/p>\t\t\t\t\t\t\t\t<\/div>\n\t\t\t\t<\/div>\n\t\t\t\t\t<\/div>\n\t\t\t\t<\/div>\n\t\t\t\t<\/div>\n\t\t","protected":false},"excerpt":{"rendered":"<p>A Montael foi fundada em 1974 A nossa marca \u00e9 o legado mais importante. \u00c9 uma das raz\u00f5es pelas quais as pessoas confiam em n\u00f3s para cumprir. Cada vez que comunicamos refor\u00e7amos a nossa identidade de marca e lembramos as pessoas sobre quem somos, e o trabalho que fazemos. Por esta raz\u00e3o, \u00e9 essencial que [&hellip;]<\/p>\n","protected":false},"author":1,"featured_media":0,"parent":0,"menu_order":0,"comment_status":"closed","ping_status":"closed","template":"","meta":{"footnotes":""},"class_list":["post-5093","page","type-page","status-publish","hentry"],"_links":{"self":[{"href":"https:\/\/montael.com\/index.php?rest_route=\/wp\/v2\/pages\/5093","targetHints":{"allow":["GET"]}}],"collection":[{"href":"https:\/\/montael.com\/index.php?rest_route=\/wp\/v2\/pages"}],"about":[{"href":"https:\/\/montael.com\/index.php?rest_route=\/wp\/v2\/types\/page"}],"author":[{"embeddable":true,"href":"https:\/\/montael.com\/index.php?rest_route=\/wp\/v2\/users\/1"}],"replies":[{"embeddable":true,"href":"https:\/\/montael.com\/index.php?rest_route=%2Fwp%2Fv2%2Fcomments&post=5093"}],"version-history":[{"count":56,"href":"https:\/\/montael.com\/index.php?rest_route=\/wp\/v2\/pages\/5093\/revisions"}],"predecessor-version":[{"id":6878,"href":"https:\/\/montael.com\/index.php?rest_route=\/wp\/v2\/pages\/5093\/revisions\/6878"}],"wp:attachment":[{"href":"https:\/\/montael.com\/index.php?rest_route=%2Fwp%2Fv2%2Fmedia&parent=5093"}],"curies":[{"name":"wp","href":"https:\/\/api.w.org\/{rel}","templated":true}]}}

<div data-elementor-type="wp-page" data-elementor-id="5093" class="elementor elementor-5093" data-elementor-post-type="page">
				<div class="elementor-element elementor-element-c29416a e-flex e-con-boxed e-con e-parent" data-id="c29416a" data-element_type="container">
					<div class="e-con-inner">
				<div class="elementor-element elementor-element-d6da3d5 elementor-widget elementor-widget-text-editor" data-id="d6da3d5" data-element_type="widget" data-widget_type="text-editor.default">
				<div class="elementor-widget-container">
									<h4>A Montael foi fundada em 1974</h4><p>A nossa marca é o legado mais importante. <br />É uma das razões pelas quais as pessoas confiam em nós para cumprir. Cada vez que comunicamos reforçamos a nossa identidade de marca e lembramos as pessoas sobre quem somos, e o trabalho que fazemos. Por esta razão, é essencial que todas as comunicações produzidas reflitam verdadeiramente a nossa marca de forma consistente e convincente.</p><p>Foi adquirida, por um novo grupo económico, a 1 de Abril de 2022 e juntos continuaremos a crescer e a fortalecer a marca, apresentamos uma nova imagem, bem como renovados valores, visão e missão para enfrentarmos novos tempos.</p>								</div>
				</div>
					</div>
				</div>
		<div class="elementor-element elementor-element-c4e81fc e-flex e-con-boxed e-con e-parent" data-id="c4e81fc" data-element_type="container" data-settings="{&quot;background_background&quot;:&quot;classic&quot;}">
					<div class="e-con-inner">
					</div>
				</div>
		<div class="elementor-element elementor-element-18c77da e-flex e-con-boxed e-con e-parent" data-id="18c77da" data-element_type="container">
					<div class="e-con-inner">
				<div class="elementor-element elementor-element-ce1681b elementor-widget elementor-widget-text-editor" data-id="ce1681b" data-element_type="widget" data-widget_type="text-editor.default">
				<div class="elementor-widget-container">
									<h4>Os Nossos Valores</h4><p>Tudo começa com o facto de sermos conhecedores do que fazemos.<br />Pensamos de forma ágil, o que nos permite responder rapidamente às necessidades dos nossos clientes.<br />Somos uma empresa vigorosa, o que significa que somos resilientes, ansiosos para crescer e fazer uma mudança nos setores em que operamos.<br />Até à data, temos sido um parceiro de confiança para os nossos clientes, fornecedores, funcionários e comunidade.<br />Tratamos todos de forma justa – uma indicação do nosso interesse em relações de longo prazo.</p><h4>Visão</h4><p>Queremos ser reconhecidos na nossa linha de trabalho pela excelência dos nossos serviços ao cliente, para além da rápida resposta às suas necessidades. Lealdade e dedicação são os nossos pontos fortes em relação ao serviço antes e depois da venda.</p><h4>Missão</h4><p>Acreditamos que a nossa empresa tem todos os meios para alcançar uma posição notória na nossa área de trabalho, transformando-se numa referência para a construção privada e projetos públicos. Queremos melhorar a nossa taxa de exportação, entrando em diferentes mercados e criando relações comerciais mais fortes.</p><h4>Identidade da Nova Marca</h4><p>O novo logotipo adiciona frescura e ambição da nossa empresa.<br />O hexágono representa uma estrutura forte e consistente.<br />Os fragmentos tetraédricos, revelam uma visão dinâmica, progressista, e duradoura.<br />O &#8220;U&#8221; estilizado gera uma onda positiva e enaltece a natureza única do nosso caracter empresarial.</p>								</div>
				</div>
					</div>
				</div>
				</div>

<p>A Montael foi fundada em 1974 A nossa marca é o legado mais importante. É uma das razões pelas quais as pessoas confiam em nós para cumprir. Cada vez que comunicamos reforçamos a nossa identidade de marca e lembramos as pessoas sobre quem somos, e o trabalho que fazemos. Por esta razão, é essencial que [&hellip;]</p>
